housands digit of 24658?
4
What is the hundreds digit of 3036?
0
What is the units digit of 3048?
8
What is the units digit of 989?
9
What is the hundreds digit of 50861?
8
What is the hundreds digit of 928?
9
What is the ten thousands digit of 42508?
4
What is the thousands digit of 1804?
1
What is the units digit of 5836?
6
What is the units digit of 3917?
7
What is the tens digit of 124?
2
What is the ten thousands digit of 12441?
1
What is the ten thousands digit of 61458?
6
What is the units digit of 302?
2
What is the hundreds digit of 7160?
1
What is the hundreds digit of 35415?
4
What is the tens digit of 48?
4
What is the ten thousands digit of 44626?
4
What is the hundreds digit of 13276?
2
What is the units digit of 458?
8
What is the hundreds digit of 106?
1
What is the hundreds digit of 6163?
1
What is the units digit of 19502?
2
What is the hundreds digit of 25071?
0
What is the hundreds digit of 7432?
4
What is the tens digit of 2489?
8
What is the hundreds digit of 41989?
9
What is the hundreds digit of 241?
2
What is the hundreds digit of 5500?
5
What is the tens digit of 449?
4
What is the hundreds digit of 853?
8
What is the ten thousands digit of 30960?
3
What is the tens digit of 10954?
5
What is the ten thousands digit of 57773?
5
What is the hundreds digit of 8509?
5
What is the tens digit of 42552?
5
What is the tens digit of 65911?
1
What is the hundreds digit of 6822?
8
What is the tens digit of 1414?
1
What is the hundreds digit of 11642?
6
What is the thousands digit of 7892?
7
What is the hundreds digit of 105914?
9
What is the units digit of 16244?
4
What is the hundreds digit of 736?
7
What is the hundreds digit of 8963?
9
What is the units digit of 7379?
9
What is the units digit of 14726?
6
What is the tens digit of 32170?
7
What is the thousands digit of 4268?
4
What is the thousands digit of 65049?
5
What is the ten thousands digit of 19064?
1
What is the thousands digit of 60353?
0
What is the ten thousands digit of 22538?
2
What is the tens digit of 21450?
5
What is the units digit of 1178?
8
What is the thousands digit of 1030?
1
What is the thousands digit of 8227?
8
What is the thousands digit of 2344?
2
What is the hundreds digit of 571?
5
What is the thousands digit of 1804?
1
What is the thousands digit of 19585?
9
What is the hundreds digit of 104166?
1
What is the units digit of 6228?
8
What is the ten thousands digit of 14628?
1
What is the tens digit of 480?
8
What is the hundreds digit of 1428?
4
What is the tens digit of 17351?
5
What is the units digit of 3092?
2
What is the tens digit of 24704?
0
What is the thousands digit of 54123?
4
What is the units digit of 33372?
2
What is the tens digit of 3570?
7
What is the hundreds digit of 347?
3
What is the tens digit of 497?
9
What is the thousands digit of 2246?
2
What is the ten thousands digit of 14999?
1
What is the thousands digit of 38458?
8
What is the hundreds digit of 1729?
7
What is the hundreds digit of 25815?
8
What is the units digit of 758?
8
What is the ten thousands digit of 98579?
9
What is the hundreds digit of 21552?
5
What is the hundreds digit of 2208?
2
What is the hundreds digit of 63585?
5
What is the units digit of 94?
4
What is the units digit of 13283?
3
What is the units digit of 631?
1
What is the hundreds digit of 19801?
8
What is the thousands digit of 3146?
3
What is the thousands digit of 126539?
6
What is the ten thousands digit of 27352?
2
What is the tens digit of 118984?
8
What is the tens digit of 23729?
2
What is the thousands digit of 17317?
7
What is the thousands digit of 12538?
2
What is the hundreds digit of 4670?
6
What is the thousands digit of 2987?
2
What is the units digit of 151?
1
What is the units digit of 3849?
9
What is the units digit of 8179?
9
What is the units digit of 76255?
5
What is the hundreds digit of 42167?
1
What is the units digit of 4465?
5
What is the units digit of 814?
4
What is the tens digit of 842?
4
What is the hundreds digit of 4735?
7
What is the hundreds digit of 1260?
2
What is the units digit of 4?
4
What is the units digit of 296?
6
What is the units digit of 993?
3
What is the thousands digit of 1915?
1
What is the hundreds digit of 9983?
9
What is the units digit of 65?
5
What is the tens digit of 69672?
7
What is the tens digit of 603?
0
What is the units digit of 10?
0
What is the tens digit of 160032?
3
What is the tens digit of 4232?
3
What is the units digit of 612?
2
What is the hundreds digit of 16517?
5
What is the tens digit of 65162?
6
What is the tens digit of 95869?
6
What is the thousands digit of 5862?
5
What is the thousands digit of 120491?
0
What is the thousands digit of 57387?
7
What is the tens digit of 863?
6
What is the hundreds digit of 37576?
5
What is the hundreds digit of 8827?
8
What is the units digit of 6344?
4
What is the thousands digit of 29681?
9
What is the hundreds digit of 409?
4
What is the hundreds digit of 206?
2
What is the tens digit of 478?
7
What is the units digit of 8265?
5
What is the units digit of 3371?
1
What is the tens digit of 3117?
1
What is the tens digit of 1084?
8
What is the units digit of 2482?
2
What is the units digit of 1098?
8
What is the hundreds digit of 1297?
2
What is the thousands digit of 56571?
6
What is the tens digit of 14286?
8
What is the thousands digit of 4831?
4
What is the hundreds digit of 33482?
4
What is the thousands digit of 53597?
3
What is the thousands digit of 39781?
9
What is the units digit of 9609?
9
What is the units digit of 414?
4
What is the tens digit of 859?
5
What is the tens digit of 31373?
7
What is the hundreds digit of 9511?
5
What is the hundreds digit of 12788?
7
What is the thousands digit of 1059?
1
What is the thousands digit of 12794?
2
What is the hundreds digit of 5987?
9
What is the tens digit of 335?
3
What is the units digit of 1549?
9
What is the hundred thousands digit of 153912?
1
What is the tens digit of 14256?
5
What is the units digit of 42613?
3
What is the hundreds digit of 137298?
2
What is the hundreds digit of 40076?
0
What is the hundreds digit of 1441?
4
What is the hundreds digit of 26305?
3
What is the hundred thousands digit of 118148?
1
What is the units digit of 58?
8
What is the thousands digit of 3124?
3
What is the units digit of 3052?
2
What is the hundreds digit of 128?
1
What is the ten thousands digit of 16393?
1
What is the thousands digit of 6455?
6
What is the tens digit of 2019?
1
What is the tens digit of 4586?
8
What is the hundreds digit of 2738?
7
What is the hundreds digit of 1011?
0
What is the units digit of 56?
6
What is the tens digit of 21554?
5
What is the ten thousands digit of 36468?
3
What is the units digit of 1172?
2
What is the hundreds digit of 2137?
1
What is the hundreds digit of 32378?
3
What is the units digit of 9957?
7
What is the hundreds digit of 63663?
6
What is the thousands digit of 2114?
2
What is the thousands digit of 68646?
8
What is the thousands digit of 37662?
7
What is the units digit of 639?
9
What is the units digit of 791?
1
What is the units digit of 8406?
6
What is the hundreds digit of 31903?
9
What is the tens digit of 90?
9
What is the units digit of 751?
1
What is the tens digit of 42616?
1
What is the tens digit of 4683?
8
What is the hundreds digit of 5633?
6
What is the hundreds digit of 2877?
8
What is the hundreds digit of 4519?
5
What is the thousands digit of 18027?
8
What is the thousands digit of 4610?
4
What is the hundreds digit of 120752?
7
What is the hundreds digit of 152760?
7
What is the ten thousands digit of 61770?
6
What is the hundred thousands digit of 118507?
1
What is the thousands digit of 4106?
4
What is the hundreds digit of 553?
5
What is the thousands digit of 21431?
1
What is the hundreds digit of 54325?
3
What is the tens digit of 772?
7
What is the units digit of 4975?
5
What is the tens digit of 1562?
6
What is the ten thousands digit of 18002?
1
What is the tens digit of 3817?
1
What is the ten thousands digit of 50179?
5
What is the tens digit of 7556?
5
What is the units digit of 502?
2
What is the units digit of 83667?
7
What is the hundreds digit of 22891?
8
What is the tens digit of 4991?
9
What is the units digit of 661?
1
What is the ten 